 2*r - 2. Let f = -105 + 185. Let l = -77 + f. Calculate the remainder when n(-2) is divided by l.
0
Calculate the remainder when 5*14/(-665) + 15888/38 is divided by 15.
13
Suppose 67*m = 37*m + 1950. Calculate the remainder when 580 is divided by m.
60
Suppose 4*f = 4*g - 25 - 67, -5*g - 2*f = -122. Let o = 140 + -131. Calculate the remainder when g is divided by o.
6
Let n be 19/3 - (-12)/(-45)*5. Suppose 360 = 4*v - 2*g, -3*g - 11 = -n. What is the remainder when v is divided by 13?
11
Let t(f) = f**3 + 13*f**2 + 13*f - 5. Let r be t(-12). Let b = r - -59. Calculate the remainder when b is divided by 22.
20
Let m(j) = -38*j - 72. Calculate the remainder when m(-5) is divided by 33.
19
Suppose 0 = -11*j + 134 + 9. Calculate the remainder when 87 is divided by j.
9
Let r = 186 - -62. What is the remainder when r is divided by 25?
23
Let y(h) = -h**3 - 5*h**2 - 18*h - 117. What is the remainder when (-1 - 0) + 1 - -106 is divided by y(-6)?
25
Suppose 5*w - 670 = -5*i, 3*i - 5*w - 720 = -2*i. What is the remainder when i is divided by 26?
9
Let r be 2/6*3 + -194. Let q = r + 393. Suppose 0 = 3*b - 2*t + t - q, -3*b - 5*t = -188. Calculate the remainder when b is divided by 34.
32
Suppose -6 - 3 = 3*f. Let z(r) = 6*r - 5. Let u be z(f). Let h = -15 - u. What is the remainder when 21 is divided by h?
5
Calculate the remainder when (-4)/72*-9*542 is divided by 55.
51
Suppose 0*f + 1688 = 8*f. Suppose 209 + f = 7*i. Calculate the remainder when i is divided by 16.
12
Suppose 3*j = -f + 23, 0 = -4*j - 2*f - 7 + 41. Suppose -j*v = -88 + 28. Calculate the remainder when 37 is divided by v.
7
Let a(m) be the third derivative of 0*m - 2/3*m**3 + 0 + 5/12*m**4 - 1/60*m**5 - 2*m**2. Calculate the remainder when a(9) is divided by 2.
1
Let l = -186 + 339. Calculate the remainder when l is divided by 5.
3
Let u(p) = -7 - 5*p + 2*p + 4*p. Let a be u(11). Suppose a*l = -l + 25. What is the remainder when 13 is divided by l?
3
Calculate the remainder when 5 - (4 - 4) - -44 is divided by 17.
15
Let t(p) = 2*p - 3. Suppose 0 = -11*k + 6*k. Let r be t(k). Let v = 34 - r. What is the remainder when 110 is divided by v?
36
Let h = -114 + 133. Calculate the remainder when 56 is divided by h.
18
Suppose -3*p + 7*y + 53 = 3*y, 0 = 3*p - 5*y - 55. Suppose p = -0*j + j. Suppose -2*z = -4*z + 16. What is the remainder when j is divided by z?
7
Let n = -6 + 0. Let o = -2 - n. What is the remainder when 5*(14/(-5) + 4) is divided by o?
2
Suppose -916 = -2*d - 218. What is the remainder when d is divided by 39?
37
Suppose 2*x = 3*x - 3*t + 3, 2*x = -2*t - 22. Let i = -24 + 36. What is the remainder when (x/(-6))/((-3)/(-44)) is divided by i?
10
Let s(w) = w**3 + 5*w**2 + w. What is the remainder when 1/((-6)/116)*-3 is divided by s(-4)?
10
Let y be (-3 - 24/(-9))/(6/378). Let m(p) = 35*p + 1. Let q be m(1). Let t = y + q. Calculate the remainder when t is divided by 6.
3
What is the remainder when (-1379)/(-1) - -18*20/(-90) is divided by 16?
15
Suppose 8*p - 3*p = 10. Suppose 456 = 5*u - 2*m, -p*u + 102 = -u - 4*m. What is the remainder when u is divided by 13?
12
Let q(x) = -x**2 - 8*x - 12. Let w be q(-7). Let g = 21 + -9. Let s = g + w. What is the remainder when s is divided by 2?
1
Suppose 423 = 7*f - 4*f. Suppose -3*q + 3 + f = 0. What is the remainder when q is divided by (-10)/(0/(-1) - 1)?
8
Let v = -335 - -343. Calculate the remainder when 14 is divided by v.
6
Let h = 29 + -38. What is the remainder when 3*29 + h + 13 is divided by 23?
22
Suppose 13*z + 276 = 7*z. Let j = z - -65. What is the remainder when 55 is divided by j?
17
Suppose 0 = -7*x + 2*x - j + 586, x + 4*j - 121 = 0. What is the remainder when 456 is divided by x?
105
Suppose d - 3*y = 57, -4*d - 13*y + 12*y + 254 = 0. What is the remainder when 118 is divided by d?
55
Let v = 15383 + -15358. Suppose 1 + 1 = s. What is the remainder when v is divided by s?
1
Suppose 0 = d - 1 - 11. Let w(r) = r**3 + 8*r**2 + 6*r + 1. Suppose -5*h = -5*y + 40, -5*h + 3*y = 15 + 23. What is the remainder when d is divided by w(h)?
4
Let u be (18/(-12) - -3)/((-3)/(-10)). Suppose 413 + 62 = u*b. Calculate the remainder when b is divided by 25.
20
Let b(z) be the third derivative of z**5/60 - z**4/12 + 5*z**3/3 + 5*z**2. Calculate the remainder when b(9) is divided by 19.
16
Let s be 547 - (8 + -4 - 2). Let b be s/15 - 3/9. Suppose -5*t + b = t. Calculate the remainder when 17 is divided by t.
5
Calculate the remainder when ((-248)/3)/(28/(-42)) is divided by 33.
25
Let i = 225 + -204. Calculate the remainder when 58 is divided by i.
16
Suppose -5*b + 274 = -131. Let y = 55 - b. Let z = y + 36. Calculate the remainder when z is divided by 4.
2
Let t = 152 + 50. What is the remainder when t is divided by 26?
20
Suppose 9*r = 6*r - 4*k + 476, 3*r = 5*k + 512. Calculate the remainder when r is divided by 56.
52
Let b(y) = 2*y + 10. What is the remainder when 51 is divided by b(2)?
9
Suppose 29*x - 2176 = 4552. What is the remainder when x is divided by 34?
28
Let i(a) = -5*a + 23. Let k be i(4). Suppose -4*p + 85 = 3*u - 0*p, -87 = -k*u - 3*p. What is the remainder when 87 is divided by u?
25
Let b = -45 + 48. Suppose -3*a + 25 = z, -b*a = -2*a + 4*z - 23. Calculate the remainder when 27 is divided by a.
6
Suppose -50*m + 54*m = 524. What is the remainder when 2224 is divided by m?
128
Let v(a) = 63*a - 14. Suppose 3 = 3*m - 6. Suppose -4*d + 4*o + 74 = 2*o, -m*d = 3*o - 42. Calculate the remainder when v(1) is divided by d.
15
Let p(n) = -14*n - 40. What is the remainder when 187 is divided by p(-6)?
11
Let z = 119 - 117. Suppose -z*b + 18 = 6. What is the remainder when 26 is divided by b?
2
Suppose 4*o - 4*g = 392, 4*o + 2*g - 457 = -71. Calculate the remainder when 379 is divided by o.
88
Suppose 0 = -0*t - 5*t - 10. What is the remainder when t/6 + (100/3 - -3) is divided by 13?
10
Suppose l + 1 = 4. Suppose -7 = g + l*h + 2, 8 = 4*g + h. Calculate the remainder when 10 is divided by g.
1
Suppose 1 = 3*j - 8. Let g(c) = -c**3 + 2*c**2 + 2*c - 1. Let d be g(2). What is the remainder when 6/10*(8 - d) is divided by j?
0
Let r = -96 - -144. Suppose 3*x - r = -x. What is the remainder when -90*1*1/(-2) is divided by x?
9
Let t(q) = -3*q + 15. Let o be t(4). Suppose 21 = z - o. What is the remainder when (-1 - 0)/(2/(-140)) is divided by z?
22
Suppose 0 = -1429*z + 1426*z + 3*i + 477, -5*i - 345 = -2*z. Suppose -3*k = -6*k + 66. Calculate the remainder when z is divided by k.
18
Suppose 0 = -7*m + 3*m. Suppose -5*h = -4*n - 85, n = 2*h - m*n - 37. Suppose -4*g = -g - h. What is the remainder when 19 is divided by g?
5
Suppose 2*g + 5*z = 531, -23*z - 806 = -3*g - 21*z. What is the remainder when g is divided by 45?
43
Suppose 3*a + m = 36 + 10, -2*a + 29 = m. Let j = -17 + 24. What is the remainder when a is divided by j?
3
Let w(i) = 102*i - 748. What is the remainder when 202 is divided by w(8)?
66
Suppose 2*d - 35 = -3*l + 4*d, d = 3*l - 34. Suppose -7*t + l*t - 92 = 0. What is the remainder when 57 is divided by t?
11
Let p = 10 + -8. Suppose -p*h - 3*x + 75 = -2*x, -3*x + 25 = h. What is the remainder when h is divided by 23?
17
Let d(y) = -2*y**2 + 7*y + 162. Let f(z) = z**3 - z**2 - 4*z + 1. What is the remainder when d(10) is divided by f(3)?
4
Suppose -2*p + 2*u + 26 = 0, 5*p - 3*p - 6 = -2*u. Let r = 19 + 10. What is the remainder when r is divided by p?
5
Let j(x) be the first derivative of x**3/3 - 3*x**2/2 + 7*x - 9. What is the remainder when j(5) is divided by 5?
2
Suppose -8720 = 23*i - 31*i. Calculate the remainder when i is divided by 91.
89
Suppose -3*c - 5*x - 8 = 0, 0*c + x - 4 = -2*c. Suppose -t = 5*h - 14 - c, t + 4*h - 16 = 0. What is the remainder when 30 is divided by t?
6
Let u = 3 - 5. What is the remainder when 22 is divided by u*15*2/(-5)?
10
Let w = 475 + -462. What is the remainder when 31 is divided by w?
5
Let y be -3 + 1 - 0 - (-35)/7. Suppose 0 = -4*s - y*c + 25, 2*c = -0*s + s - 20. Suppose 2*p - 117 = -p. What is the remainder when p is divided by s?
9
Suppose 5*o = 10, 4*f + 11 = 2*o + 67. What is the remainder when 71 is divided by f?
11
Let q = 66 - 31. Let m = q - 18. Calculate the remainder when 45 is divided by m.
11
Let a(f) = -3*f - 33. What is the remainder when 99 is 